{"id":374,"date":"2016-08-05T01:12:19","date_gmt":"2016-08-05T01:12:19","guid":{"rendered":"http:\/\/desmochados.gov.py\/?page_id=374"},"modified":"2017-02-10T09:55:29","modified_gmt":"2017-02-10T09:55:29","slug":"transparencia-julio2016","status":"publish","type":"page","link":"https:\/\/desmochados.gov.py\/index.php\/transparencia-julio2016\/","title":{"rendered":"Transparencia Julio\/2016"},"content":{"rendered":"<ul>\n<li><a href=\"http:\/\/desmochados.gov.py\/wp-content\/uploads\/2016\/08\/Ejecuci\u00f3n-Presupuestia-de-Ingresos-Julio-2016.pdf\" target=\"_blank\">Ejecuci\u00f3n Presupuestaria de Ingresos Julio 2016<\/a><\/li>\n<li><a href=\"http:\/\/desmochados.gov.py\/wp-content\/uploads\/2016\/08\/Ejecuci\u00f3n-Presupuestaria-de-Gastos-Julio-2016.pdf\" target=\"_blank\">Ejecuci\u00f3n Presupuestaria de Egresos Julio 2016<\/a><\/li>\n<li><a href=\"http:\/\/desmochados.gov.py\/wp-content\/uploads\/2016\/08\/07_2016_SFP_Planilla_de_Personal.pdf\" target=\"_blank\">Planilla de Personal Julio 2016<\/a><\/li>\n<li><a href=\"http:\/\/desmochados.gov.py\/wp-content\/uploads\/2016\/08\/Viatico_07_2016.pdf\" target=\"_blank\">Vi\u00e1ticos<\/a><\/li>\n<li><a href=\"http:\/\/desmochados.gov.py\/wp-content\/uploads\/2016\/08\/AsistenciaSocial_07_2016.pdf\" target=\"_blank\">Asistencia Social a personas y familias de Escasos Recursos<\/a><\/li>\n<li><a href=\"http:\/\/desmochados.gov.py\/wp-content\/uploads\/2016\/08\/Funcionarios-Comisionados-de-la-Municipalidad-07_2016.pdf\" target=\"_blank\">Listado de Funcionarios Municipales Comisionados<\/a><\/li>\n<li><a href=\"http:\/\/desmochados.gov.py\/wp-content\/uploads\/2016\/08\/Funcionarios-Comisionados-de-Otras-Instituciones-07_2016.pdf\" target=\"_blank\">Listado de Funcionarios Comisionados de Otras Instituciones<\/a><\/li>\n<li><a href=\"http:\/\/desmochados.gov.py\/wp-content\/uploads\/2016\/08\/Becas_07_2016.pdf\" target=\"_blank\">Becas<\/a><\/li>\n<li><a href=\"http:\/\/desmochados.gov.py\/wp-content\/uploads\/2016\/08\/Indemnizaciones_07_2016.pdf\" target=\"_blank\">Indemnizaciones<\/a><\/li>\n<li><a href=\"http:\/\/desmochados.gov.py\/wp-content\/uploads\/2016\/06\/Nomina-de-Personales.pdf\" target=\"_blank\">Lista de funcionarios y cargos<\/a><\/li>\n<li><a href=\"http:\/\/desmochados.gov.py\/wp-content\/uploads\/2016\/06\/Organigrama-Municipal.pdf\" target=\"_blank\">Estructura org\u00e1nica<\/a><\/li>\n<li><a href=\"http:\/\/desmochados.gov.py\/wp-content\/uploads\/2016\/06\/Manual-de-Funciones.pdf\" target=\"_blank\">Funciones de dependencias<\/a><\/li>\n<li><a href=\"#\" target=\"_blank\">Inventario de bienes detallado<\/a><\/li>\n<li><a href=\"#\" target=\"_blank\">Inventario de bienes consolidado<\/a><\/li>\n<li><a href=\"http:\/\/desmochados.gov.py\/wp-content\/uploads\/2016\/06\/Vacancias_07_2016.pdf\" target=\"_blank\">Vacancias<\/a><\/li>\n<\/ul>\n<p>&nbsp;<\/p>\n","protected":false},"excerpt":{"rendered":"<p>Ejecuci\u00f3n Presupuestaria de Ingresos Julio 2016 Ejecuci\u00f3n Presupuestaria de Egresos Julio 2016 Planilla de Personal Julio 2016 Vi\u00e1ticos Asistencia Social [&hellip;]<\/p>\n","protected":false},"author":1,"featured_media":0,"parent":0,"menu_order":0,"comment_status":"closed","ping_status":"closed","template":"page-template-full-width.php","meta":{"footnotes":""},"class_list":["post-374","page","type-page","status-publish","hentry"],"_links":{"self":[{"href":"https:\/\/desmochados.gov.py\/index.php\/wp-json\/wp\/v2\/pages\/374","targetHints":{"allow":["GET"]}}],"collection":[{"href":"https:\/\/desmochados.gov.py\/index.php\/wp-json\/wp\/v2\/pages"}],"about":[{"href":"https:\/\/desmochados.gov.py\/index.php\/wp-json\/wp\/v2\/types\/page"}],"author":[{"embeddable":true,"href":"https:\/\/desmochados.gov.py\/index.php\/wp-json\/wp\/v2\/users\/1"}],"replies":[{"embeddable":true,"href":"https:\/\/desmochados.gov.py\/index.php\/wp-json\/wp\/v2\/comments?post=374"}],"version-history":[{"count":9,"href":"https:\/\/desmochados.gov.py\/index.php\/wp-json\/wp\/v2\/pages\/374\/revisions"}],"predecessor-version":[{"id":598,"href":"https:\/\/desmochados.gov.py\/index.php\/wp-json\/wp\/v2\/pages\/374\/revisions\/598"}],"wp:attachment":[{"href":"https:\/\/desmochados.gov.py\/index.php\/wp-json\/wp\/v2\/media?parent=374"}],"curies":[{"name":"wp","href":"https:\/\/api.w.org\/{rel}","templated":true}]}}