{"id":119,"date":"2016-06-09T20:44:15","date_gmt":"2016-06-09T20:44:15","guid":{"rendered":"http:\/\/desmochados.gov.py\/?page_id=119"},"modified":"2016-06-09T20:45:20","modified_gmt":"2016-06-09T20:45:20","slug":"mision","status":"publish","type":"page","link":"https:\/\/desmochados.gov.py\/index.php\/mision\/","title":{"rendered":"Misi\u00f3n"},"content":{"rendered":"<p lang=\"es-PY\">Gesti\u00f3n eficiente de los recursos disponible en el Municipio para brindar oportunidades de crecimiento social y econ\u00f3mico de la comunidad, en armon\u00eda con el medio ambiente.-<\/p>\n","protected":false},"excerpt":{"rendered":"<p>Gesti\u00f3n eficiente de los recursos disponible en el Municipio para brindar oportunidades de crecimiento social y econ\u00f3mico de la comunidad, [&hellip;]<\/p>\n","protected":false},"author":1,"featured_media":0,"parent":0,"menu_order":0,"comment_status":"closed","ping_status":"closed","template":"page-template-full-width.php","meta":{"footnotes":""},"class_list":["post-119","page","type-page","status-publish","hentry"],"_links":{"self":[{"href":"https:\/\/desmochados.gov.py\/index.php\/wp-json\/wp\/v2\/pages\/119","targetHints":{"allow":["GET"]}}],"collection":[{"href":"https:\/\/desmochados.gov.py\/index.php\/wp-json\/wp\/v2\/pages"}],"about":[{"href":"https:\/\/desmochados.gov.py\/index.php\/wp-json\/wp\/v2\/types\/page"}],"author":[{"embeddable":true,"href":"https:\/\/desmochados.gov.py\/index.php\/wp-json\/wp\/v2\/users\/1"}],"replies":[{"embeddable":true,"href":"https:\/\/desmochados.gov.py\/index.php\/wp-json\/wp\/v2\/comments?post=119"}],"version-history":[{"count":2,"href":"https:\/\/desmochados.gov.py\/index.php\/wp-json\/wp\/v2\/pages\/119\/revisions"}],"predecessor-version":[{"id":125,"href":"https:\/\/desmochados.gov.py\/index.php\/wp-json\/wp\/v2\/pages\/119\/revisions\/125"}],"wp:attachment":[{"href":"https:\/\/desmochados.gov.py\/index.php\/wp-json\/wp\/v2\/media?parent=119"}],"curies":[{"name":"wp","href":"https:\/\/api.w.org\/{rel}","templated":true}]}}